{"id":28,"date":"2020-06-05T21:41:54","date_gmt":"2020-06-05T19:41:54","guid":{"rendered":"https:\/\/www.lift-you-up.at\/?page_id=28"},"modified":"2020-12-30T22:29:17","modified_gmt":"2020-12-30T21:29:17","slug":"impressum","status":"publish","type":"page","link":"https:\/\/www.lift-you-up.at\/index.php\/impressum\/","title":{"rendered":"Impressum"},"content":{"rendered":"\n<p><strong>Firmenname:<\/strong><\/p>\n\n\n\n<p>Anne Mann, MSc<\/p>\n\n\n\n<p>Klinische- und Gesundheitspsychologin<\/p>\n\n\n\n<p>Lift You Up \u2013 Selbstf\u00fchrung und Teamentwicklung<\/p>\n\n\n\n<p><br>Website: http:\/\/www.lift-you-up.at<br>Website Betreiber: Anne Mann, MSc<br>Adresse: Oberpilsbach 16, A- 4840 Pilsbach<br>Telefon: +43 680 3285 526<\/p>\n\n\n\n<p>E-mail: <strong>anne.mann@lift-you-up.at<\/strong><br><br><\/p>\n\n\n\n<p><strong>Berufsrecht:<\/strong><\/p>\n\n\n\n<p>Berufsbezeichnung: Klinische- und Gesundheitspsychologin<\/p>\n\n\n\n<p>Psychologengesetz: <a href=\"http:\/\/www.ris.bka.gv.at\/\">www.ris.bka.gv.at<\/a><\/p>\n\n\n\n<p>Aufsichtsbeh\u00f6rde:<\/p>\n\n\n\n<p>Bundesministerium f\u00fcr Gesundheit, Radetzkystra\u00dfe 2, 1031 Wien, \u00d6sterreich,<\/p>\n\n\n\n<p>Telefon: +436764503490<\/p>\n\n\n\n<p>Gem\u00e4\u00df \u00a7 6 Abs. 1 Z. 19 UStG umsatzsteuerbefreit<\/p>\n\n\n\n<p>Rechtsform: Einzelunternehmen, neue Selbstst\u00e4ndige<\/p>\n\n\n\n<p>Webdesign: Marc Torge<\/p>\n\n\n\n<p>Fotos: Patricia Distler-Kriechbaum<\/p>\n\n\n\n<p><a href=\"https:\/\/patricia-photolounge.at\">https:\/\/patricia-photolounge.at<\/a><\/p>\n\n\n\n<p><a href=\"https:\/\/pixabay.com\">https:\/\/pixabay.com<\/a><\/p>\n\n\n\n<p><strong>Hinweis<\/strong>:<\/p>\n\n\n\n<p>Trotz sorgf\u00e4ltiger inhaltlicher Pr\u00fcfung \u00fcbernehme ich keine Haftung f\u00fcr die Inhalte von externen verlinkten Webseiten. F\u00fcr den Inhalt der verlinkten Webseiten sind ausschlie\u00dflich deren Betreiber verantwortlich.<\/p>\n\n\n\n<p>Alle Rechte vorbehalten. Inhalt und das Bildmaterial sind lediglich zur pers\u00f6nlichen Information bestimmt.<br>Jedes Kopieren, Vervielf\u00e4ltigen oder anderweitiges Ver\u00f6ffentlichen ohne vorherige schriftliche Zustimmung ist untersagt.<\/p>\n\n\n\n<p><strong>Haftungsausschluss<\/strong><\/p>\n\n\n\n<p>1. Inhalt des Onlineangebotes<\/p>\n\n\n\n<p>Die Eigent\u00fcmerin dieser Website \u00fcbernimmt keinerlei Gew\u00e4hr f\u00fcr die Aktualit\u00e4t, Korrektheit, Vollst\u00e4ndigkeit oder Qualit\u00e4t der bereitgestellten Informationen. Haftungsanspr\u00fcche gegen die Autorin, welche sich auf Sch\u00e4den materieller oder ideeller Art beziehen, die durch die Nutzung oder Nichtnutzung der dargebotenen Informationen bzw. durch die Nutzung fehlerhafter und unvollst\u00e4ndiger Informationen verursacht wurden, sind grunds\u00e4tzlich ausgeschlossen, sofern seitens der Autorin kein nachweislich vors\u00e4tzliches oder grob fahrl\u00e4ssiges Verschulden vorliegt. Alle Angebote sind freibleibend und unverbindlich. Die Eigent\u00fcmerin dieser Website beh\u00e4lt es sich ausdr\u00fccklich vor, Teile der Seiten oder das gesamte Angebot ohne gesonderte Ank\u00fcndigung zu ver\u00e4ndern, zu erg\u00e4nzen, zu l\u00f6schen oder die Ver\u00f6ffentlichung zeitweise oder endg\u00fcltig einzustellen.&nbsp;<\/p>\n\n\n\n<p>2. Verweise und Links<\/p>\n\n\n\n<p>Bei direkten oder indirekten Verweisen auf fremde Internetseiten (\u201dLinks\u201d), die au\u00dferhalb des Verantwortungsbereiches der Eigent\u00fcmerin dieser Website liegen, w\u00fcrde eine Haftungsverpflichtung ausschlie\u00dflich in dem Fall in Kraft treten, in dem die Eigent\u00fcmerin dieser Website von den Inhalten Kenntnis hat und es ihr technisch m\u00f6glich und zumutbar w\u00e4re, die Nutzung im Falle rechtswidriger Inhalte zu verhindern. Die Eigent\u00fcmerin dieser Website erkl\u00e4rt daher ausdr\u00fccklich, dass zum Zeitpunkt der Linksetzung die entsprechenden verlinkten Seiten frei von illegalen Inhalten waren. Die Eigent\u00fcmerin dieser Website hat keinerlei Einfluss auf die aktuelle und zuk\u00fcnftige Gestaltung und auf die Inhalte der gelinkten\/verkn\u00fcpften Seiten. Deshalb distanziert sich die Eigent\u00fcmerin dieser Website hiermit ausdr\u00fccklich von allen Inhalten aller gelinkten \/verkn\u00fcpften Seiten, die nach der Linksetzung ver\u00e4ndert wurden. Diese Feststellung gilt f\u00fcr alle innerhalb des eigenen Internetangebotes gesetzten Links und Verweise sowie f\u00fcr Fremdeintr\u00e4ge in eingerichteten G\u00e4steb\u00fcchern, Diskussionsforen und Mailinglisten. F\u00fcr illegale, fehlerhafte oder unvollst\u00e4ndige Inhalte und insbesondere f\u00fcr Sch\u00e4den, die aus der Nutzung oder Nichtnutzung solcherart dargebotener Informationen entstehen, haftet allein der Anbieter der Seite, auf welche verwiesen wurde, nicht derjenige, der \u00fcber Links auf die jeweilige Ver\u00f6ffentlichung lediglich verweist.<\/p>\n\n\n\n<p>3. Urheber- und Kennzeichenrecht<\/p>\n\n\n\n<p>Die Eigent\u00fcmerin und Autorin dieser Website ist bestrebt, in allen Publikationen die Urheberrechte der verwendeten Grafiken, Tondokumente, Videosequenzen und Texte zu beachten, von ihnen und ihren Autoren selbst erstellte Grafiken, Tondokumente, Videosequenzen und Texte zu nutzen oder auf lizenzfreie Grafiken, Tondokumente, Videosequenzen und Texte zur\u00fcckzugreifen. Alle innerhalb des Internetangebotes genannten und ggf. durch Dritte gesch\u00fctzten Marken- und Warenzeichen unterliegen uneingeschr\u00e4nkt den Bestimmungen des jeweils g\u00fcltigen Kennzeichenrechts und den Besitzrechten der jeweiligen eingetragenen Eigent\u00fcmer. Allein aufgrund der blo\u00dfen Nennung ist nicht der Schluss zu ziehen, dass Markenzeichen nicht durch Rechte Dritter gesch\u00fctzt sind!<\/p>\n","protected":false},"excerpt":{"rendered":"<p>Firmenname: Anne Mann, MSc Klinische- und Gesundheitspsychologin Lift You Up \u2013 Selbstf\u00fchrung und Teamentwicklung Website: http:\/\/www.lift-you-up.atWebsite Betreiber: Anne Mann, MScAdresse: Oberpilsbach 16, A- 4840 PilsbachTelefon: +43 680 3285 526 E-mail:&hellip;<\/p>\n","protected":false},"author":1,"featured_media":0,"parent":0,"menu_order":0,"comment_status":"closed","ping_status":"closed","template":"","meta":{"footnotes":""},"class_list":["post-28","page","type-page","status-publish","hentry"],"_links":{"self":[{"href":"https:\/\/www.lift-you-up.at\/index.php\/wp-json\/wp\/v2\/pages\/28","targetHints":{"allow":["GET"]}}],"collection":[{"href":"https:\/\/www.lift-you-up.at\/index.php\/wp-json\/wp\/v2\/pages"}],"about":[{"href":"https:\/\/www.lift-you-up.at\/index.php\/wp-json\/wp\/v2\/types\/page"}],"author":[{"embeddable":true,"href":"https:\/\/www.lift-you-up.at\/index.php\/wp-json\/wp\/v2\/users\/1"}],"replies":[{"embeddable":true,"href":"https:\/\/www.lift-you-up.at\/index.php\/wp-json\/wp\/v2\/comments?post=28"}],"version-history":[{"count":3,"href":"https:\/\/www.lift-you-up.at\/index.php\/wp-json\/wp\/v2\/pages\/28\/revisions"}],"predecessor-version":[{"id":456,"href":"https:\/\/www.lift-you-up.at\/index.php\/wp-json\/wp\/v2\/pages\/28\/revisions\/456"}],"wp:attachment":[{"href":"https:\/\/www.lift-you-up.at\/index.php\/wp-json\/wp\/v2\/media?parent=28"}],"curies":[{"name":"wp","href":"https:\/\/api.w.org\/{rel}","templated":true}]}}